{"id":108,"date":"2021-06-07T10:41:02","date_gmt":"2021-06-07T10:41:02","guid":{"rendered":"https:\/\/feuerwehr-nordsehl-lauenhagen.de\/?page_id=108"},"modified":"2021-08-13T13:09:15","modified_gmt":"2021-08-13T13:09:15","slug":"service","status":"publish","type":"page","link":"https:\/\/feuerwehr-nordsehl-lauenhagen.de\/index.php\/service\/","title":{"rendered":"Service"},"content":{"rendered":"<p>In diesem Men\u00fcbereich sind die <a href=\"https:\/\/feuerwehr-nordsehl-lauenhagen.de\/index.php\/dienstplaene\/\" target=\"_blank\" rel=\"noopener\">aktuellen Dienstpl\u00e4ne aller Abteilungen<\/a> unserer Feuerwehr bereitgestellt. Weiterhin geben wir unter dem Punkt <a href=\"https:\/\/feuerwehr-nordsehl-lauenhagen.de\/index.php\/service\/buergerinfos\/\" target=\"_blank\" rel=\"noopener\">B\u00fcrgerinfos<\/a> n\u00fctzliche Tipps f\u00fcr den Alltag. Unter anderem erkl\u00e4ren wir den richtigen Umgang mit dem Feuerl\u00f6scher! Ein Besuch lohnt sich.<\/p>\n","protected":false},"excerpt":{"rendered":"<p>In diesem Men\u00fcbereich sind die aktuellen Dienstpl\u00e4ne aller Abteilungen unserer Feuerwehr bereitgestellt. Weiterhin geben wir unter dem Punkt B\u00fcrgerinfos n\u00fctzliche Tipps f\u00fcr den Alltag. Unter anderem erkl\u00e4ren wir den richtigen Umgang mit dem Feuerl\u00f6scher! Ein Besuch lohnt sich.<\/p>\n","protected":false},"author":1,"featured_media":0,"parent":0,"menu_order":0,"comment_status":"closed","ping_status":"closed","template":"","meta":{"footnotes":""},"class_list":["post-108","page","type-page","status-publish","hentry"],"_links":{"self":[{"href":"https:\/\/feuerwehr-nordsehl-lauenhagen.de\/index.php\/wp-json\/wp\/v2\/pages\/108","targetHints":{"allow":["GET"]}}],"collection":[{"href":"https:\/\/feuerwehr-nordsehl-lauenhagen.de\/index.php\/wp-json\/wp\/v2\/pages"}],"about":[{"href":"https:\/\/feuerwehr-nordsehl-lauenhagen.de\/index.php\/wp-json\/wp\/v2\/types\/page"}],"author":[{"embeddable":true,"href":"https:\/\/feuerwehr-nordsehl-lauenhagen.de\/index.php\/wp-json\/wp\/v2\/users\/1"}],"replies":[{"embeddable":true,"href":"https:\/\/feuerwehr-nordsehl-lauenhagen.de\/index.php\/wp-json\/wp\/v2\/comments?post=108"}],"version-history":[{"count":4,"href":"https:\/\/feuerwehr-nordsehl-lauenhagen.de\/index.php\/wp-json\/wp\/v2\/pages\/108\/revisions"}],"predecessor-version":[{"id":387,"href":"https:\/\/feuerwehr-nordsehl-lauenhagen.de\/index.php\/wp-json\/wp\/v2\/pages\/108\/revisions\/387"}],"wp:attachment":[{"href":"https:\/\/feuerwehr-nordsehl-lauenhagen.de\/index.php\/wp-json\/wp\/v2\/media?parent=108"}],"curies":[{"name":"wp","href":"https:\/\/api.w.org\/{rel}","templated":true}]}}